{"id":437,"date":"2021-05-25T15:25:07","date_gmt":"2021-05-25T15:25:07","guid":{"rendered":"https:\/\/localhost\/wordpress\/?page_id=437"},"modified":"2022-08-23T20:07:52","modified_gmt":"2022-08-23T20:07:52","slug":"franz-windischhofer-peru","status":"publish","type":"page","link":"https:\/\/ischler-weltladen.at\/?page_id=437","title":{"rendered":"Franz Windischhofer, Peru"},"content":{"rendered":"\n<p class=\"has-text-align-right\"><a href=\"javascript:history.back()\">Zur\u00fcck<\/a><\/p>\n\n\n\n<div class=\"wp-block-media-text alignwide is-stacked-on-mobile\" style=\"grid-template-columns:19% auto\"><figure class=\"wp-block-media-text__media\"><img decoding=\"async\" src=\"https:\/\/ischler-weltladen.at\/wp-content\/uploads\/2021\/08\/projekt_windischhofer.jpg\" alt=\"\" class=\"wp-image-30 size-full\"\/><\/figure><div class=\"wp-block-media-text__content\">\n<p class=\"has-text-align-right\"><strong><span style=\"color:#663333\" class=\"has-inline-color\">FRANZ WINDISCHHOFER<br>Leon Velarde 406 Aptdo.1817<br>Yanahuara Arequipa PERU<\/span><\/strong><\/p>\n\n\n\n<p class=\"has-text-align-right\"><span class=\"has-inline-color has-dark-gray-color\">Pfarrer von CALLALLI-SIBAYO-TISCO-IMATA-CAYLLOMA<\/span><\/p>\n<\/div><\/div>\n\n\n\n<p class=\"has-text-align-right\">Ostern 2009<\/p>\n\n\n\n<p><strong><span style=\"color:#663333\" class=\"has-inline-color\">Liebe Freunde und Wohlt\u00e4ter!<\/span><\/strong><\/p>\n\n\n\n<p>Das bevorstehende Fest der Auferstehung des Herrn soll mir ein willkommener Anlass sein, um Sie herzlich aus den H\u00f6hen der Anden von Caylloma zu gr\u00fcssen&#8230;.<\/p>\n\n\n\n<p>Die weltweite Wirtschaftskrise trifft auch Peru, auch wenn von der Regierung immer wieder gesagt wird, dass bereits Ma\u00dfnahmen getroffen wurden, um deren Auswirkungen m\u00f6glichst zu begrenzen. Der Vorteil ist, dass Peru \u00fcber viele Rohstoffe verf\u00fcgt. Der Bergbau steht an erster Stelle, und bringt durch Steuern viel Geld f\u00fcr den Stat und f\u00fcr die Gemeinden, in denen sich die Bergwerke befinden. Von den Besitzern der Bergwerke wird ein freiwilliger Beitrag gegeben. Diese Gelder werden f\u00fcr verschiedene Projekte verwendet: Gesundheit, Ern\u00e4hrung und Erziehung haben dabei Vorrang. Das gro\u00dfe Problem ist wie immer die Korruption auf allen Ebenen, die auf Kosten der Armen geht.<\/p>\n\n\n\n<p>In Callalli werden derzeit die Versorgung mit Trinkwasser und das Kanalnetz ausgebaut. Auch in anderen D\u00f6rfern wird gearbeitet. Schlimm ist f\u00fcr die Menschen, dass der Preis f\u00fcr die Alpakawolle extrem gefallen ist. Da sie in erster Linie vom Verkauf der Wolle leben, trifft Sie dies besonderns schlimm. Der Tourismus, der von der Gemeinde nun mehr gef\u00f6rdert wird, k\u00f6nnte eine Alternative bieten und zus\u00e4tzliches Einkommen bringen.<\/p>\n\n\n\n<p>Er gibt auch Gruppen von Menschen, die benachteiligt sind: es sind vor allem die Kranken, die \u00e4lteren Menschen, Alleinerziehende, Witwen und Kinder. Diesen Gruppen gilt unsere Aufmerksamkeit. Da die Internate bestens funktionieren, war die Nachfrage heuer besonders gro\u00df, und wir haben eine gr\u00f6ssere Anzahl von Kindern aufgenommen. Im Internat in Tisco sind bereits \u00fcber 50 Kinder und Jugendliche. Die Gemeinde hat uns gebeten, dass wir deren Neubau \u00fcbernehmen und als gemeinsames Internat f\u00fchren. In Imata sind 32 Kinder im Internat. Bedingt durch die starke Nachfrage, werden wir vermutlich das ehemalige Inter in den R\u00e4umen der Schule f\u00fcr 10 bis 15 Sch\u00fcler\/Innen in Betrieb nehmen. Im Ort Colca Huallata wrid f\u00fcr 20 Kinder, und in Pillone f\u00fcr 12 Kinder ein Internat funktionieren. In Cota Cota ist das Internat f\u00fcr 20 Kinder und Jugendliche bereits in Betrieb. Vorrang haben dabei Kinder und Jugendliche aus armen Verh\u00e4ltnissen, Waisen, und solche, die von weit her kommen und nur durch das Internat eine M\u00f6glichkeit zum Studium haben. Daher ist auch an diesen Schulen die Sch\u00fclerzahl gestiegen. Die Eltern sch\u00e4tzen diese Hilfe sehr und zeigen Interesse an der Ausbildung ihrer Kinder; die gro\u00dfe Nachfrage ist da\u00fcr ein gutes Zeugnis.<\/p>\n\n\n\n<p>Der Erhalt der Internate ist sehr teuer und wir haben geweltige Ausgaben f\u00fcr Lebensmittel, Aufsichtspersonal, K\u00fcche, Kleidung, Material&#8230;. Daher bitte ich Sie um Ihre Unterst\u00fctzung, damit wir auch in diesem Jahr diese wichtige Aufgabe an der Jugend erf\u00fcllen k\u00f6nnen.<\/p>\n\n\n\n<p>Ich danke allen von Herzen f\u00fcr Ihre treue Unterst\u00fctzung meiner Arbeit. Ich bin mir bewusst, dass die Situation daheim nun viel schwieriger geworden ist; aber ich bitte Sie uns nicht zu vergessen, und bitte um Ihre Hilfe und Gro\u00dfz\u00fcgigkeit. Ich bin sehr dankbar f\u00fcr die Wohlt\u00e4ter\/innen und Freunde, die meine Arbeit seit Jahren unterst\u00fctzen. Vergelt\u00b4s Gott!!<\/p>\n\n\n\n<p>Ich w\u00fcnsche Ihnen ein Frohes Osterfest. M\u00f6ge der Auferstandene Sie segnen und sch\u00fctzen!<\/p>\n\n\n\n<p>Ihr Franz Windischhofer<\/p>\n\n\n\n<p>Spendenkonto: Volksbank Gmunden (BLZ 42830) Ktnr. 8033656 &#8211; 0000<\/p>\n\n\n\n<p class=\"has-text-align-right\"><a href=\"javascript:history.back()\">Zur\u00fcck<\/a><\/p>\n","protected":false},"excerpt":{"rendered":"<p>Zur\u00fcck FRANZ WINDISCHHOFERLeon Velarde 406 Aptdo.1817Yanahuara Arequipa PERU Pfarrer von CALLALLI-SIBAYO-TISCO-IMATA-CAYLLOMA Ostern 2009 Liebe Freunde und Wohlt\u00e4ter! Das bevorstehende Fest der Auferstehung des Herrn soll mir ein willkommener Anlass sein, um Sie herzlich aus den H\u00f6hen der Anden von Caylloma zu gr\u00fcssen&#8230;. Die weltweite Wirtschaftskrise trifft auch Peru, auch wenn von der Regierung immer wieder &hellip; <a href=\"https:\/\/ischler-weltladen.at\/?page_id=437\" class=\"more-link\"><span class=\"screen-reader-text\">Franz Windischhofer, Peru<\/span> weiterlesen<\/a><\/p>\n","protected":false},"author":2,"featured_media":0,"parent":141,"menu_order":412,"comment_status":"closed","ping_status":"closed","template":"","meta":{"footnotes":""},"class_list":["post-437","page","type-page","status-publish","hentry"],"_links":{"self":[{"href":"https:\/\/ischler-weltladen.at\/index.php?rest_route=\/wp\/v2\/pages\/437","targetHints":{"allow":["GET"]}}],"collection":[{"href":"https:\/\/ischler-weltladen.at\/index.php?rest_route=\/wp\/v2\/pages"}],"about":[{"href":"https:\/\/ischler-weltladen.at\/index.php?rest_route=\/wp\/v2\/types\/page"}],"author":[{"embeddable":true,"href":"https:\/\/ischler-weltladen.at\/index.php?rest_route=\/wp\/v2\/users\/2"}],"replies":[{"embeddable":true,"href":"https:\/\/ischler-weltladen.at\/index.php?rest_route=%2Fwp%2Fv2%2Fcomments&post=437"}],"version-history":[{"count":1,"href":"https:\/\/ischler-weltladen.at\/index.php?rest_route=\/wp\/v2\/pages\/437\/revisions"}],"predecessor-version":[{"id":522,"href":"https:\/\/ischler-weltladen.at\/index.php?rest_route=\/wp\/v2\/pages\/437\/revisions\/522"}],"up":[{"embeddable":true,"href":"https:\/\/ischler-weltladen.at\/index.php?rest_route=\/wp\/v2\/pages\/141"}],"wp:attachment":[{"href":"https:\/\/ischler-weltladen.at\/index.php?rest_route=%2Fwp%2Fv2%2Fmedia&parent=437"}],"curies":[{"name":"wp","href":"https:\/\/api.w.org\/{rel}","templated":true}]}}