{"id":430,"date":"2021-05-25T15:16:02","date_gmt":"2021-05-25T15:16:02","guid":{"rendered":"https:\/\/localhost\/wordpress\/?page_id=430"},"modified":"2022-08-23T20:07:41","modified_gmt":"2022-08-23T20:07:41","slug":"pater-josef-taschner-svd","status":"publish","type":"page","link":"https:\/\/ischler-weltladen.at\/?page_id=430","title":{"rendered":"Pater Josef Taschner, SVD"},"content":{"rendered":"\n<p class=\"has-text-align-right\"><a href=\"javascript:history.back()\">Zur\u00fcck<\/a><\/p>\n\n\n\n<div class=\"wp-block-media-text alignwide is-stacked-on-mobile\" style=\"grid-template-columns:25% auto\"><figure class=\"wp-block-media-text__media\"><img decoding=\"async\" src=\"https:\/\/ischler-weltladen.at\/wp-content\/uploads\/2021\/08\/projekt-taschner.jpg\" alt=\"\" class=\"wp-image-29 size-full\"\/><\/figure><div class=\"wp-block-media-text__content\">\n<p>Seit 1974 wurden mehrere Projekte zugunsten der \u00c4rmsten, anfangs f\u00fcr die Obdachlosen in Vigan unterst\u00fctzt. Pater Taschner gewann Bekannte als Mitarbeiter in dem eingeschriebenen Verein \u201eSt. Joseph Providence\u201c. Es gelang ihnen, 4 Armensiedlungen mit einem \u201eBildungshaus\u201c f\u00fcr angesiedelte Familien zu errichten. Mittlerweile sind es etwa 120 solide Wohnh\u00e4user, die auch Wirbelst\u00fcrmen standhalten k\u00f6nnen. F\u00fcr zwei behinderte Ehepaare wird zur Zeit ein \u201eDuplex\u201c errichtet. Auch Mitglieder \u00e4rmster Familien, die au\u00dferhalb dieses Viertels wohnen erhalten Hilfe in Form von Schul- und Studienbeihilfen f\u00fcr Kinder und Jugendliche, Medizin f\u00fcr Kranke und Unterst\u00fctzung bei Begr\u00e4bnissen.<\/p>\n<\/div><\/div>\n\n\n\n<p>Pater Joseph Taschner startete 1984 ein zweites gro\u00dfes Projekt. Auf der \u201eAuss\u00e4tzigeninsel\u201c Culion im Norden der Provinz Palawan , s\u00fcdwestlich von Manila, wurden ebenfalls H\u00e4user errichtet und leprakranke Kinder gepflegt. Er richtete seine Aufmerksamkeit, auf Wunsch der Eltern, auch auf Ausbildungsst\u00e4tten und so wurde ein Studentenheim in Manila errichtet, in dem j\u00e4hrlich bis zu 10 Burschen und M\u00e4dchen wohnen und von dort aus Collegs besuchen k\u00f6nnen. Durch die Unterst\u00fctzung des Vereins &#8222;Direkthilfe Weltweit&#8220; (damals \u201eDirekthilfe Welt Drei\u201c) gelang es einer Studentin namens Maria Credo, Krankenschwester zu werden und im Sanatorium in Culion zu arbeiten.<\/p>\n\n\n\n<p class=\"has-text-align-right\"><a href=\"javascript:history.back()\">Zur\u00fcck<\/a><\/p>\n","protected":false},"excerpt":{"rendered":"<p>Zur\u00fcck Seit 1974 wurden mehrere Projekte zugunsten der \u00c4rmsten, anfangs f\u00fcr die Obdachlosen in Vigan unterst\u00fctzt. Pater Taschner gewann Bekannte als Mitarbeiter in dem eingeschriebenen Verein \u201eSt. Joseph Providence\u201c. Es gelang ihnen, 4 Armensiedlungen mit einem \u201eBildungshaus\u201c f\u00fcr angesiedelte Familien zu errichten. Mittlerweile sind es etwa 120 solide Wohnh\u00e4user, die auch Wirbelst\u00fcrmen standhalten k\u00f6nnen. F\u00fcr &hellip; <a href=\"https:\/\/ischler-weltladen.at\/?page_id=430\" class=\"more-link\"><span class=\"screen-reader-text\">Pater Josef Taschner, SVD<\/span> weiterlesen<\/a><\/p>\n","protected":false},"author":2,"featured_media":0,"parent":141,"menu_order":410,"comment_status":"closed","ping_status":"closed","template":"","meta":{"footnotes":""},"class_list":["post-430","page","type-page","status-publish","hentry"],"_links":{"self":[{"href":"https:\/\/ischler-weltladen.at\/index.php?rest_route=\/wp\/v2\/pages\/430","targetHints":{"allow":["GET"]}}],"collection":[{"href":"https:\/\/ischler-weltladen.at\/index.php?rest_route=\/wp\/v2\/pages"}],"about":[{"href":"https:\/\/ischler-weltladen.at\/index.php?rest_route=\/wp\/v2\/types\/page"}],"author":[{"embeddable":true,"href":"https:\/\/ischler-weltladen.at\/index.php?rest_route=\/wp\/v2\/users\/2"}],"replies":[{"embeddable":true,"href":"https:\/\/ischler-weltladen.at\/index.php?rest_route=%2Fwp%2Fv2%2Fcomments&post=430"}],"version-history":[{"count":1,"href":"https:\/\/ischler-weltladen.at\/index.php?rest_route=\/wp\/v2\/pages\/430\/revisions"}],"predecessor-version":[{"id":520,"href":"https:\/\/ischler-weltladen.at\/index.php?rest_route=\/wp\/v2\/pages\/430\/revisions\/520"}],"up":[{"embeddable":true,"href":"https:\/\/ischler-weltladen.at\/index.php?rest_route=\/wp\/v2\/pages\/141"}],"wp:attachment":[{"href":"https:\/\/ischler-weltladen.at\/index.php?rest_route=%2Fwp%2Fv2%2Fmedia&parent=430"}],"curies":[{"name":"wp","href":"https:\/\/api.w.org\/{rel}","templated":true}]}}