{"id":413,"date":"2021-05-25T14:47:43","date_gmt":"2021-05-25T14:47:43","guid":{"rendered":"https:\/\/localhost\/wordpress\/?page_id=413"},"modified":"2022-08-23T20:07:26","modified_gmt":"2022-08-23T20:07:26","slug":"dr-peter-okeke","status":"publish","type":"page","link":"https:\/\/ischler-weltladen.at\/?page_id=413","title":{"rendered":"Dr. Peter Okeke"},"content":{"rendered":"\n<p class=\"has-text-align-right\"><a href=\"javascript:history.back()\">Zur\u00fcck<\/a><\/p>\n\n\n\n<div class=\"wp-block-media-text alignwide is-stacked-on-mobile\" style=\"grid-template-columns:22% auto\"><figure class=\"wp-block-media-text__media\"><img decoding=\"async\" src=\"https:\/\/ischler-weltladen.at\/wp-content\/uploads\/2021\/08\/projekt-pater_okeke.jpg\" alt=\"\" class=\"wp-image-27 size-full\"\/><\/figure><div class=\"wp-block-media-text__content\">\n<p>Dr. Okeke hat mit unserer Unterst\u00fctzung drei Projekte in seiner Heimat Nigeria realisieren k\u00f6nnen:<\/p>\n\n\n\n<ul class=\"wp-block-list\"><li>Ein Brunnenprojekt f\u00fcr 20.000 Menschen<\/li><li>das Schulprojekt \u201eTanzi International College\u201c und<\/li><li>den Aufbau von Kinderpatenschaften f\u00fcr die armen Kinder in Nigeria.<\/li><\/ul>\n\n\n\n<p><br>40 Kinder profitieren derzeit von den Patenschaften, 400 Kinder nehmen bereits Unterricht in dem neu geschaffenen College.<\/p>\n\n\n\n<p class=\"has-text-align-right\"><a href=\"javascript:history.back()\">Zur\u00fcck<\/a><\/p>\n<\/div><\/div>\n","protected":false},"excerpt":{"rendered":"<p>Zur\u00fcck Dr. Okeke hat mit unserer Unterst\u00fctzung drei Projekte in seiner Heimat Nigeria realisieren k\u00f6nnen: Ein Brunnenprojekt f\u00fcr 20.000 Menschen das Schulprojekt \u201eTanzi International College\u201c und den Aufbau von Kinderpatenschaften f\u00fcr die armen Kinder in Nigeria. 40 Kinder profitieren derzeit von den Patenschaften, 400 Kinder nehmen bereits Unterricht in dem neu geschaffenen College. Zur\u00fcck<\/p>\n","protected":false},"author":2,"featured_media":0,"parent":141,"menu_order":407,"comment_status":"closed","ping_status":"closed","template":"","meta":{"footnotes":""},"class_list":["post-413","page","type-page","status-publish","hentry"],"_links":{"self":[{"href":"https:\/\/ischler-weltladen.at\/index.php?rest_route=\/wp\/v2\/pages\/413","targetHints":{"allow":["GET"]}}],"collection":[{"href":"https:\/\/ischler-weltladen.at\/index.php?rest_route=\/wp\/v2\/pages"}],"about":[{"href":"https:\/\/ischler-weltladen.at\/index.php?rest_route=\/wp\/v2\/types\/page"}],"author":[{"embeddable":true,"href":"https:\/\/ischler-weltladen.at\/index.php?rest_route=\/wp\/v2\/users\/2"}],"replies":[{"embeddable":true,"href":"https:\/\/ischler-weltladen.at\/index.php?rest_route=%2Fwp%2Fv2%2Fcomments&post=413"}],"version-history":[{"count":1,"href":"https:\/\/ischler-weltladen.at\/index.php?rest_route=\/wp\/v2\/pages\/413\/revisions"}],"predecessor-version":[{"id":517,"href":"https:\/\/ischler-weltladen.at\/index.php?rest_route=\/wp\/v2\/pages\/413\/revisions\/517"}],"up":[{"embeddable":true,"href":"https:\/\/ischler-weltladen.at\/index.php?rest_route=\/wp\/v2\/pages\/141"}],"wp:attachment":[{"href":"https:\/\/ischler-weltladen.at\/index.php?rest_route=%2Fwp%2Fv2%2Fmedia&parent=413"}],"curies":[{"name":"wp","href":"https:\/\/api.w.org\/{rel}","templated":true}]}}