{"id":399,"date":"2021-05-25T09:06:33","date_gmt":"2021-05-25T09:06:33","guid":{"rendered":"https:\/\/localhost\/wordpress\/?page_id=399"},"modified":"2022-08-23T20:07:10","modified_gmt":"2022-08-23T20:07:10","slug":"friends-of-lingshed","status":"publish","type":"page","link":"https:\/\/ischler-weltladen.at\/?page_id=399","title":{"rendered":"Friends of Lingshed"},"content":{"rendered":"\n<p class=\"has-text-align-right\"><a href=\"javascript:history.back()\">Zur\u00fcck<\/a><\/p>\n\n\n\n<div class=\"wp-block-media-text alignwide is-stacked-on-mobile\" style=\"grid-template-columns:26% auto\"><figure class=\"wp-block-media-text__media\"><img decoding=\"async\" src=\"https:\/\/ischler-weltladen.at\/wp-content\/uploads\/2021\/08\/projekt-friends-of-lingshead.jpg\" alt=\"\" class=\"wp-image-25 size-full\"\/><\/figure><div class=\"wp-block-media-text__content\">\n<p>Das Bergdorf Lingshed hat etwa 1000 EinwohnerInnen, liegt auf 4000m Seeh\u00f6he und ist f\u00fcnf Tagesm\u00e4rsche von der n\u00e4chsten Stra\u00dfe entfernt. Es geh\u00f6rt zu den abgelegensten und \u00e4rmsten Teilen von Ladakh (Nordindien). Seit 1993 betreiben die \u201eFriends of Lingshed\u201c als \u00f6sterreichische Projektgruppe das Schulprojekt. Inzwischen wurde eine solarbeheizte Schulanlage (Klassenzimmer, LehrerInnenwohnungen, Gew\u00e4chshaus, Sanit\u00e4rr\u00e4ume, elektrisches Licht, Schuluniformen, Unterrichtsmaterialien, etc.) errichtet. F\u00fcr die Betreuung des mittlerweile sehr gro\u00dfen Projekts f\u00e4hrt jedes Jahr mindestens ein Mitglied der Projektgruppe nach Lingshed.<\/p>\n\n\n\n<p>Friends of Lingshed<br>Christian Hlade<br>Baiernstra\u00dfe 53<br>8020 Graz<\/p>\n\n\n\n<p class=\"has-text-align-right\"><a href=\"javascript:history.back()\">Zur\u00fcck<\/a><\/p>\n<\/div><\/div>\n","protected":false},"excerpt":{"rendered":"<p>Zur\u00fcck Das Bergdorf Lingshed hat etwa 1000 EinwohnerInnen, liegt auf 4000m Seeh\u00f6he und ist f\u00fcnf Tagesm\u00e4rsche von der n\u00e4chsten Stra\u00dfe entfernt. Es geh\u00f6rt zu den abgelegensten und \u00e4rmsten Teilen von Ladakh (Nordindien). Seit 1993 betreiben die \u201eFriends of Lingshed\u201c als \u00f6sterreichische Projektgruppe das Schulprojekt. Inzwischen wurde eine solarbeheizte Schulanlage (Klassenzimmer, LehrerInnenwohnungen, Gew\u00e4chshaus, Sanit\u00e4rr\u00e4ume, elektrisches Licht, &hellip; <a href=\"https:\/\/ischler-weltladen.at\/?page_id=399\" class=\"more-link\"><span class=\"screen-reader-text\">Friends of Lingshed<\/span> weiterlesen<\/a><\/p>\n","protected":false},"author":2,"featured_media":0,"parent":141,"menu_order":404,"comment_status":"closed","ping_status":"closed","template":"","meta":{"footnotes":""},"class_list":["post-399","page","type-page","status-publish","hentry"],"_links":{"self":[{"href":"https:\/\/ischler-weltladen.at\/index.php?rest_route=\/wp\/v2\/pages\/399","targetHints":{"allow":["GET"]}}],"collection":[{"href":"https:\/\/ischler-weltladen.at\/index.php?rest_route=\/wp\/v2\/pages"}],"about":[{"href":"https:\/\/ischler-weltladen.at\/index.php?rest_route=\/wp\/v2\/types\/page"}],"author":[{"embeddable":true,"href":"https:\/\/ischler-weltladen.at\/index.php?rest_route=\/wp\/v2\/users\/2"}],"replies":[{"embeddable":true,"href":"https:\/\/ischler-weltladen.at\/index.php?rest_route=%2Fwp%2Fv2%2Fcomments&post=399"}],"version-history":[{"count":1,"href":"https:\/\/ischler-weltladen.at\/index.php?rest_route=\/wp\/v2\/pages\/399\/revisions"}],"predecessor-version":[{"id":514,"href":"https:\/\/ischler-weltladen.at\/index.php?rest_route=\/wp\/v2\/pages\/399\/revisions\/514"}],"up":[{"embeddable":true,"href":"https:\/\/ischler-weltladen.at\/index.php?rest_route=\/wp\/v2\/pages\/141"}],"wp:attachment":[{"href":"https:\/\/ischler-weltladen.at\/index.php?rest_route=%2Fwp%2Fv2%2Fmedia&parent=399"}],"curies":[{"name":"wp","href":"https:\/\/api.w.org\/{rel}","templated":true}]}}