{"id":144,"date":"2021-05-18T20:38:54","date_gmt":"2021-05-18T20:38:54","guid":{"rendered":"https:\/\/localhost\/wordpress\/?page_id=92"},"modified":"2022-08-23T20:08:06","modified_gmt":"2022-08-23T20:08:06","slug":"links","status":"publish","type":"page","link":"https:\/\/ischler-weltladen.at\/?page_id=144","title":{"rendered":"Links"},"content":{"rendered":"\n<figure class=\"wp-block-table\"><table><tbody><tr><td><a rel=\"noreferrer noopener\" href=\"http:\/\/www.fairtrade.at\" target=\"_blank\">Fairtrade \u00d6sterreich<\/a><\/td><\/tr><tr><td><a rel=\"noreferrer noopener\" href=\"http:\/\/www.weltlaeden.at\" target=\"_blank\">Weltl\u00e4den \u00d6sterreich<\/a><\/td><\/tr><tr><td><a href=\"http:\/\/www.suedwind.at\" target=\"_blank\" rel=\"noreferrer noopener\">S\u00fcdwind<\/a><\/td><\/tr><tr><td><a href=\"https:\/\/www.eza.cc\/eza-unser-auftrag\" target=\"_blank\" rel=\"noreferrer noopener\">EZA<\/a><\/td><\/tr><tr><td><a rel=\"noreferrer noopener\" href=\"http:\/\/www.dka.at\" target=\"_blank\">Dreik\u00f6nigsaktion der Katholischen Jungschar<\/a><\/td><\/tr><tr><td><a rel=\"noreferrer noopener\" href=\"http:\/\/www.globaleducation.at\" target=\"_blank\">BAOBAB Globales Lernen<\/a><\/td><\/tr><tr><td><a rel=\"noreferrer noopener\" href=\"http:\/\/www.dioezese-linz.at\/wekef\" target=\"_blank\">Di\u00f6zese Linz Welthaus<\/a><\/td><\/tr><tr><td><a rel=\"noreferrer noopener\" href=\"https:\/\/www.dioezese-linz.at\/badischl\" target=\"_blank\">Pfarre Bad Ischl<\/a><\/td><\/tr><tr><td><a rel=\"noreferrer noopener\" href=\"http:\/\/www.fian.at\" target=\"_blank\">FIAN &#8211; Menschenrechtsorganisation gegen den Hunger<\/a><\/td><\/tr><tr><td><a rel=\"noreferrer noopener\" href=\"http:\/\/www.noso.at\" target=\"_blank\">Radiogruppe Women On Air<\/a><\/td><\/tr><tr><td><a rel=\"noreferrer noopener\" href=\"http:\/\/www.licht-fuer-die-welt.at\" target=\"_blank\">Licht f\u00fcr die Welt<\/a><\/td><\/tr><tr><td><a rel=\"noreferrer noopener\" href=\"http:\/\/www.contigo.de\" target=\"_blank\">Contigo Fairtrade<\/a><\/td><\/tr><\/tbody><\/table><\/figure>\n\n\n\n<p><\/p>\n","protected":false},"excerpt":{"rendered":"<p>Fairtrade \u00d6sterreich Weltl\u00e4den \u00d6sterreich S\u00fcdwind EZA Dreik\u00f6nigsaktion der Katholischen Jungschar BAOBAB Globales Lernen Di\u00f6zese Linz Welthaus Pfarre Bad Ischl FIAN &#8211; Menschenrechtsorganisation gegen den Hunger Radiogruppe Women On Air Licht f\u00fcr die Welt Contigo Fairtrade<\/p>\n","protected":false},"author":2,"featured_media":0,"parent":136,"menu_order":120,"comment_status":"closed","ping_status":"closed","template":"","meta":{"footnotes":""},"class_list":["post-144","page","type-page","status-publish","hentry"],"_links":{"self":[{"href":"https:\/\/ischler-weltladen.at\/index.php?rest_route=\/wp\/v2\/pages\/144","targetHints":{"allow":["GET"]}}],"collection":[{"href":"https:\/\/ischler-weltladen.at\/index.php?rest_route=\/wp\/v2\/pages"}],"about":[{"href":"https:\/\/ischler-weltladen.at\/index.php?rest_route=\/wp\/v2\/types\/page"}],"author":[{"embeddable":true,"href":"https:\/\/ischler-weltladen.at\/index.php?rest_route=\/wp\/v2\/users\/2"}],"replies":[{"embeddable":true,"href":"https:\/\/ischler-weltladen.at\/index.php?rest_route=%2Fwp%2Fv2%2Fcomments&post=144"}],"version-history":[{"count":8,"href":"https:\/\/ischler-weltladen.at\/index.php?rest_route=\/wp\/v2\/pages\/144\/revisions"}],"predecessor-version":[{"id":559,"href":"https:\/\/ischler-weltladen.at\/index.php?rest_route=\/wp\/v2\/pages\/144\/revisions\/559"}],"up":[{"embeddable":true,"href":"https:\/\/ischler-weltladen.at\/index.php?rest_route=\/wp\/v2\/pages\/136"}],"wp:attachment":[{"href":"https:\/\/ischler-weltladen.at\/index.php?rest_route=%2Fwp%2Fv2%2Fmedia&parent=144"}],"curies":[{"name":"wp","href":"https:\/\/api.w.org\/{rel}","templated":true}]}}