{"id":137,"date":"2021-05-18T17:35:01","date_gmt":"2021-05-18T17:35:01","guid":{"rendered":"https:\/\/localhost\/wordpress\/?page_id=37"},"modified":"2022-08-23T20:04:13","modified_gmt":"2022-08-23T20:04:13","slug":"das-geschaeft","status":"publish","type":"page","link":"https:\/\/ischler-weltladen.at\/?page_id=137","title":{"rendered":"Das Gesch\u00e4ft"},"content":{"rendered":"\n<div class=\"wp-block-group alignwide\"><div class=\"wp-block-group__inner-container is-layout-flow wp-block-group-is-layout-flow\">\n<div class=\"wp-block-media-text alignwide is-stacked-on-mobile is-vertically-aligned-top\" style=\"grid-template-columns:41% auto\"><figure class=\"wp-block-media-text__media\"><img decoding=\"async\" src=\"https:\/\/ischler-weltladen.at\/wp-content\/uploads\/2021\/08\/Ischler-Weltladen-Klimabuendnis-705x1024.jpg\" alt=\"\" class=\"wp-image-5 size-full\"\/><\/figure><div class=\"wp-block-media-text__content\">\n<p>Betreiber des Ischler Weltladens ist der Verein<br><span style=\"color:#663333\" class=\"has-inline-color\"><strong><strong>\u201eDirekthilfe Weltweit \u2013 Bad Ischl<\/strong>\u201c<\/strong><\/span><br>zu dessen Mitgliedern alle im Gesch\u00e4ft t\u00e4tigen Personen z\u00e4hlen, sowie Privatpersonen, die uns mit ihrem Mitgliedsbeitrag unterst\u00fctzen.<\/p>\n\n\n\n<p>Unser <strong><span style=\"color:#663333\" class=\"has-inline-color\">ausschlie\u00dflich ehrenamtlich<\/span><\/strong> gef\u00fchrter Laden garantiert, dass der Verkaufserl\u00f6s den Menschen in Afrika, Lateinamerika und Asien zugute kommt, die nicht die Lebenschancen und -bedingungen vorfinden, wie wir in Europa.<\/p>\n\n\n\n<p><strong><span style=\"color:#663333\" class=\"has-inline-color\">Seit 2008 Klimab\u00fcndnisbetrieb <strong>und 2020 erneuert!<\/strong>!<\/span><\/strong><\/p>\n<\/div><\/div>\n<\/div><\/div>\n\n\n\n<p><strong><span style=\"color:#663333\" class=\"has-inline-color\">Unser Ziel ist es:<\/span><\/strong><\/p>\n\n\n\n<div class=\"wp-block-media-text alignwide is-stacked-on-mobile is-vertically-aligned-top\" style=\"grid-template-columns:27% auto\"><figure class=\"wp-block-media-text__media\"><img decoding=\"async\" src=\"https:\/\/ischler-weltladen.at\/wp-content\/uploads\/2021\/08\/Fairtradelogo.png\" alt=\"\" class=\"wp-image-57 size-full\"\/><\/figure><div class=\"wp-block-media-text__content\">\n<p><strong>&gt;&gt;<\/strong> mit dem Verkauf fair gehandelter Produkte, die Produzenten von Lebensmitteln und Handwerk in den Entwicklungsl\u00e4ndern in ihrem \u00dcberlebenskampf zu unterst\u00fctzen.<\/p>\n\n\n\n<p><strong>&gt;&gt;<\/strong> anhand dieser Produkte und anderer Infos unsere Kunden auf die Lebens- und Arbeitsbedingungen in \u201eDritte Welt Staaten\u201c aufmerksam zu machen.<\/p>\n<\/div><\/div>\n\n\n\n<p><strong>&gt;&gt;<\/strong> den Verkaufserl\u00f6s m\u00f6glichst direkt in Entwicklungshilfeprojekte zu investieren, die den Menschen die n\u00f6tige Hilfe zur Selbsthilfe erm\u00f6glichen (Schulbildung, Einsatz von Solartechnologie, Betreuung von Stra\u00dfenkindern, Frauenprojekte, arbeitsplatzschaffende Projekte etc.).<\/p>\n\n\n\n<p>Der<span style=\"color:#6c327d\" class=\"has-inline-color\"> <\/span><span style=\"color:#663333\" class=\"has-inline-color\"><strong><a href=\"https:\/\/www.fairtrade.at\/\" data-type=\"URL\" data-id=\"https:\/\/www.fairtrade.at\/\">Faire Handel<\/a><\/strong> <\/span>ist Drehscheibe unserer Bem\u00fchungen, weil wir glauben, dass im weltwirtschaftlichen Spiel der &#8222;Global Players\u201c, das Klein- und Mittelgewerbe hier bei uns &#8211; und noch viel mehr in den rohstofforientierten armen L\u00e4ndern des S\u00fcdens &#8211; der Gefahr ausgesetzt ist, unterzugehen.<\/p>\n\n\n\n<p>Wir sind der Meinung, dass Globalisierung Gestaltung braucht, weil der ausschlie\u00dflich gewinnorientierte Markt nicht auf den Schutz von Produzenten, Arbeitnehmern, wie auch Konsumenten verzichten darf.<\/p>\n","protected":false},"excerpt":{"rendered":"<p>Betreiber des Ischler Weltladens ist der Verein\u201eDirekthilfe Weltweit \u2013 Bad Ischl\u201czu dessen Mitgliedern alle im Gesch\u00e4ft t\u00e4tigen Personen z\u00e4hlen, sowie Privatpersonen, die uns mit ihrem Mitgliedsbeitrag unterst\u00fctzen. Unser ausschlie\u00dflich ehrenamtlich gef\u00fchrter Laden garantiert, dass der Verkaufserl\u00f6s den Menschen in Afrika, Lateinamerika und Asien zugute kommt, die nicht die Lebenschancen und -bedingungen vorfinden, wie wir in &hellip; <a href=\"https:\/\/ischler-weltladen.at\/?page_id=137\" class=\"more-link\"><span class=\"screen-reader-text\">Das Gesch\u00e4ft<\/span> weiterlesen<\/a><\/p>\n","protected":false},"author":2,"featured_media":0,"parent":136,"menu_order":0,"comment_status":"closed","ping_status":"closed","template":"","meta":{"footnotes":""},"class_list":["post-137","page","type-page","status-publish","hentry"],"_links":{"self":[{"href":"https:\/\/ischler-weltladen.at\/index.php?rest_route=\/wp\/v2\/pages\/137","targetHints":{"allow":["GET"]}}],"collection":[{"href":"https:\/\/ischler-weltladen.at\/index.php?rest_route=\/wp\/v2\/pages"}],"about":[{"href":"https:\/\/ischler-weltladen.at\/index.php?rest_route=\/wp\/v2\/types\/page"}],"author":[{"embeddable":true,"href":"https:\/\/ischler-weltladen.at\/index.php?rest_route=\/wp\/v2\/users\/2"}],"replies":[{"embeddable":true,"href":"https:\/\/ischler-weltladen.at\/index.php?rest_route=%2Fwp%2Fv2%2Fcomments&post=137"}],"version-history":[{"count":1,"href":"https:\/\/ischler-weltladen.at\/index.php?rest_route=\/wp\/v2\/pages\/137\/revisions"}],"predecessor-version":[{"id":490,"href":"https:\/\/ischler-weltladen.at\/index.php?rest_route=\/wp\/v2\/pages\/137\/revisions\/490"}],"up":[{"embeddable":true,"href":"https:\/\/ischler-weltladen.at\/index.php?rest_route=\/wp\/v2\/pages\/136"}],"wp:attachment":[{"href":"https:\/\/ischler-weltladen.at\/index.php?rest_route=%2Fwp%2Fv2%2Fmedia&parent=137"}],"curies":[{"name":"wp","href":"https:\/\/api.w.org\/{rel}","templated":true}]}}